 12*m**2 + 21*m + 17. Let x be (-8 + 4)/1*5/2. Let y be h(x). Calculate the highest common divisor of y and 161.
7
Let v be 1225/(-147)*42/(-20) - (-1)/2. What is the highest common divisor of v and 762?
6
Let y = 1914 + -1869. Calculate the highest common divisor of 565 and y.
5
Let o = 367 + -362. Suppose 16 = x + o*z, -18*x + 17*x + 5*z + 26 = 0. Calculate the highest common factor of 15 and x.
3
Let y be 134/938 - (-20)/7. Let a be (-6)/30 - 1623/(-15). Suppose -5*u = 3*b - a, -6*u - 3*b + 84 = -2*u. Calculate the greatest common divisor of y and u.
3
Suppose 8*t = 29*j - 31*j - 12, -5*j - 5*t + 15 = 0. Suppose 0*i = 4*i - 40. What is the highest common factor of i and j?
2
Suppose 0 = -3*l - 18, -5*t + 54*l = 42*l - 492. Suppose 0*c = 2*c - 84. What is the highest common factor of c and t?
42
Suppose -8*w = -273 + 33. Suppose y = 10*f - 12*f, 4*f = 3*y - w. What is the greatest common factor of 12 and y?
6
Let f be ((-340)/(-9) - 2) + 24/108. Let j = 44 - f. What is the greatest common divisor of 248 and j?
8
Suppose -12*r - 12*r + 5368 - 2128 = 0. What is the highest common divisor of r and 510?
15
Let x = -96 + 528. Let r = 2525 + -2507. What is the highest common divisor of r and x?
18
Suppose 4392*g - 1008 = 4390*g. Calculate the highest common divisor of 816 and g.
24
Let f = -16396 - -16411. Let p be -1*(-21)/(-6)*2. Let l = p + 10. Calculate the highest common divisor of f and l.
3
Suppose 0 = v + v + 3*m + 520, 785 = -3*v - 2*m. Let j = 267 + v. Let n be 2 + (4/(-2) - -1). Calculate the greatest common factor of n and j.
1
Suppose -22*a + 10061 = -21*a + 4*t, 4*t + 30167 = 3*a. Calculate the highest common divisor of a and 113.
113
Let a = -26 + 23. Let j(v) = 40*v**2 + 12*v. Let n be j(a). What is the highest common factor of n and 81?
81
Let z = -266 + 794. Let q = -518 + z. Calculate the greatest common divisor of q and 35.
5
Suppose 2*s - 33 = -149. Suppose 4*g + 340 + 36 = 0. Let n = s - g. Calculate the greatest common factor of 72 and n.
36
Let m = 460 + 371. Suppose -5*d = 2*o - 575, -3*o - d + m = -4*d. Suppose 3*c - o = 176. What is the highest common divisor of c and 38?
38
Let x(l) = -15*l + 1. Let i be x(-4). Suppose -8 = j + 46. Let z = i + j. Calculate the greatest common divisor of 28 and z.
7
Let a be ((-388)/(-5))/(13/((-130)/4)). Let l = 264 + a. What is the greatest common divisor of l and 20?
10
Suppose -207*s = -232*s + 50. Let h be (-1200)/(-9) - 2/(-3). Calculate the greatest common factor of s and h.
2
Let v be 6 + (-13)/78*9688*-33. What is the greatest common factor of 10 and v?
10
Let d(c) = -6*c**2 - 44*c + 35. Let x be d(-8). Suppose 3*z - x*k = 30, 22 = 2*z + 4*k + 2. What is the greatest common divisor of z and 4?
2
Let k be (-13)/(78/54) - (8 - 1369). Calculate the highest common factor of k and 208.
104
Let r be 16*2/8*20. Let n be 6/(7 - 4) + 23*2. What is the highest common divisor of n and r?
16
Let j be (-902)/30217 - (-2749)/67. Calculate the greatest common divisor of 46822 and j.
41
Let y(f) be the third derivative of f**5/60 + f**3/6 + 5*f**2. Let u be y(3). Suppose 0 = -0*z - 20*z + 1100. Calculate the greatest common divisor of u and z.
5
Let d(p) = 36*p**2 - 15*p - 10. Let a be d(-1). Calculate the highest common factor of 7 and a.
1
Suppose 0 = -27*t + 37*t - 40. Suppose 0 = l - t*o - 30 + 19, -l + 17 = -2*o. What is the highest common divisor of 437 and l?
23
Let n(t) = t**3 - 108*t**2 + 255*t - 4540. Let w be n(106). Let v = -928 - -1450. What is the greatest common divisor of w and v?
18
Let r = -724 + 726. Suppose -8*m + r*h = -10*m + 328, -h = -3*m + 496. Calculate the greatest common divisor of 66 and m.
33
Let d be (16/(-1))/(4 + 910/(-225)). Suppose 13594 = -3*n + 13954. What is the highest common factor of n and d?
120
Suppose 5*x = 4*a - 16, -4*a + 2*a - 5*x = -8. Let r(k) = 153*k - 139. Let g be r(1). Calculate the highest common factor of a and g.
2
Let p be -1272*1*((-100)/(-8) - 14). What is the greatest common divisor of 972 and p?
36
Suppose -j + 2 - 1 = -2*c, -5*j + 21 = -2*c. Let o be 1/j - (-4256)/95. What is the highest common factor of 18 and o?
9
Let v be (-54)/(-468)*1339 - (-2 - 10/(-4)). What is the highest common divisor of 672 and v?
14
Suppose 39*s + 2*s - 20134 = 17627. What is the greatest common divisor of 3 and s?
3
Let o = -38700 - -44212. Calculate the greatest common factor of 208 and o.
104
Suppose 161 = -2326*f + 2349*f. What is the highest common divisor of 1589 and f?
7
Let f(h) be the third derivative of -h**3 + 0*h - 1/4*h**4 + 0 + 11*h**2. Let q be f(-4). What is the greatest common factor of q and 2?
2
Let c = -19 + 51. Let a be ((-8)/25)/((-98)/(-6370))*5*-2. What is the highest common factor of a and c?
16
Suppose -2*c - d - 2*d = 13, 2*d = -5*c - 38. Let t = 20 + c. Let k = t + 8. What is the highest common divisor of 100 and k?
20
Let a(v) = -13*v. Let f(x) = x**3 + 8*x**2 + 8*x + 6. Let p be f(-7). Let j be a(p). Suppose -5*b = -8*b + 273. What is the highest common factor of b and j?
13
Let i be (16 - -30)*(-5 - -7). What is the greatest common factor of i and 115?
23
Let a(y) = 40*y + 4350. Let o be a(-106). Calculate the highest common divisor of 154 and o.
22
Let j = -13981 + 14023. Suppose -3*d + 551 = -4*m, 0*m + 2*m - 953 = -5*d. What is the highest common factor of j and d?
21
Suppose -3 = 3*y, 3*y - 35 = -2*r + 4*y. Suppose -r*o + 1296 = o. Suppose -2*n = -s + 9, 2*s - 6*s = -n - 36. Calculate the greatest common factor of o and s.
9
Suppose -5*z - w + 2020 = -6*w, -3*z + 5*w + 1214 = 0. What is the highest common factor of 124 and z?
31
Suppose 2 = 4*m + 2*x, m = 2*x - 3*x + 1. Suppose u + 8 = 11, m = 5*a - 4*u - 18. Calculate the greatest common divisor of 6 and a.
6
Suppose 0 = o - 3*o - 4, 0 = -2*f + 2*o + 94. Let k = 2 + 58. Suppose 7*b + k = 270. Calculate the greatest common factor of b and f.
15
Suppose 0 = 155*f - 56*f - 157716 - 21276. Calculate the highest common divisor of f and 16.
16
Suppose 4*o = 22 + 50. Suppose 0 = 671*v - 669*v - 46. Suppose v*y = o*y + 2805. Calculate the greatest common divisor of 51 and y.
51
Suppose 21*x - 2546 + 278 = -15*x. What is the highest common factor of x and 1089?
9
Suppose 29*w - 2964 = -9*w. What is the greatest common divisor of 42 and w?
6
Let d = -1030 + 1305. What is the highest common divisor of d and 209?
11
Let c be 1 + -9 + (87 - -61). What is the greatest common divisor of c and 40?
20
Suppose -5*n - 3 = 2*b - 26, -2*n + 5*b = 14. Let o(y) = 10*y**2 + 9*y + 1. Let p be o(n). Let x = p + -48. What is the highest common factor of x and 35?
35
Let x(y) = -y + 3. Let r be x(-4). Suppose -78 = -3*m + 2*j - 97, 264 = 24*j. What is the highest common divisor of m and r?
1
Let v(o) = o**2 + 191*o + 4404. Let l be v(-26). What is the highest common factor of l and 2470?
38
Suppose 18*l - 19*l + 1553 = 2*x, 0 = -4*x + l + 3091. Calculate the highest common factor of 36 and x.
18
Let s = -160 - -265. Suppose 0 = 4*m - m - 54. Let a be (-336)/m*(-30)/8. Calculate the highest common factor of a and s.
35
Suppose -18 - 12 = -3*d. Let c = 352 - 961. Let u = -574 - c. What is the highest common factor of u and d?
5
Let a(n) = 8*n**2 + 8*n - 24. Let i(q) = q**3 - 4*q**2 + 3*q - 9. Let o be i(4). Let t be a(o). What is the highest common factor of 234 and t?
18
Let q = -48 - -51. Suppose 8*a - q*a - 230 = 0. Suppose -8*t - 138 = -14*t. Calculate the highest common divisor of t and a.
23
Let a = 56 - -35. Suppose 0 = 8*k + 5*k - a. Let n = 130 + -53. Calculate the greatest common factor of n and k.
7
Let a be (0 + (39 - -2))/(294/30282). Calculate the greatest common divisor of a and 41.
41
Let d(h) = -h**3 - 4*h**2 - 4*h - 7. Let x be d(-3). Let n be 50/10*x/(-5). Let z be 29 + -6 + n + 3. Calculate the highest common factor of 20 and z.
10
Let c = 196 - 276. Let a = -76 - c. Suppose a*y - 40 = 2*g + 98, 5*y - 3*g - 174 = 0. Calculate the highest common divisor of y and 11.
11
Suppose 0 = -287*l - 757*l + 334080. Let i = 70 - 50. What is the greatest common divisor of l and i?
20
Suppose -108*x = -111*x + 324. What is the highest common divisor of x and 204?
12
Suppose 2*r + 4*n + 583 = -125, 5*r + 1794 = -4*n. Let b = r + 389. What is the greatest common factor of 81 and b?
27
Let c